e -6*d + 4*d - o = 0. Determine z(d).
13
Let u(p) = -3*p. Suppose -4*x - 4 = -3*o, -4*x + o = -o. Suppose 3*h - 2*z = -4, 3*z + x*z + 11 = -3*h. Calculate u(h).
6
Let b(c) be the third derivative of c**5/60 + c**4/12 + c**3/6 + 5*c**2. Suppose f = -4*f + 10. Suppose -f*l = 3*l - 10. Calculate b(l).
9
Let u(h) = -h**3 + 4*h**2 + 4*h - 1. Let l = -68 + 181. Let m = 118 - l. Calculate u(m).
-6
Let o(t) be the second derivative of t**4/12 - t**3 - 3*t**2 + 13*t. Let p = -2 - -9. Calculate o(p).
1
Let h(x) = -2*x**2 + 5*x - 1. Let j = -558 - -562. Calculate h(j).
-13
Let d(x) = x + 9. Let j(q) = -5. Let y(l) = -4*d(l) - 7*j(l). Determine y(2).
-9
Let c = -22 - -24. Suppose -i + c = 4*a, 0*a = -5*a + 20. Let j = i - -17. Let p(l) = -l**3 + l**2 + 4*l + 1. Give p(j).
-5
Suppose -88 + 352 = -24*w. Let j(y) = -y**3 - 10*y**2 + 10*y - 12. What is j(w)?
-1
Let q(z) = -z**3 + 14*z**2 + 14*z + 13. Let k(a) = 15*a - 840. Let o be k(57). Give q(o).
-2
Suppose -h + 11 = -5*r, 3*r + 2 = -4. Let k(t) = -h + t**2 - t - 2 - t + t. Give k(4).
9
Let o(n) = -n - 3. Suppose -4*c = 6 - 2, -3*y + 17 = -5*c. Let s be ((-4)/(-4) - 3) + y + 3. What is o(s)?
-8
Let n(p) = -p + 4. Suppose 3*m = -2*m - 30. Let i(k) = -k + 3. Let l(u) = m*i(u) + 5*n(u). Let t be 1 - (-4 - (-1 - 2))*-3. Determine l(t).
0
Let u be 0/1 + 15/(1 - 6). Let z be (4/u)/((-4)/(-6)). Let t(n) = n**3 + 2*n**2 - 2. Give t(z).
-2
Let k(f) = f**2 - 12*f + 32. Let t be k(6). Let w(z) = z**3 + 3*z**2 - 3*z - 2. Give w(t).
-6
Let a(t) = -5 + 0*t - 7*t - 6*t + 13*t**3 + 3*t**2 - 12*t**3 - 11. What is a(-5)?
-1
Let g(s) = 3*s + 5*s - 181 + 179 - 2*s - 3*s. Calculate g(2).
4
Let v(a) = a**2 + 6*a + 5. Let g be v(-6). Let h(f) be the third derivative of 1/4*f**4 - 5/6*f**3 + 0 + 1/120*f**6 + f**2 - 1/10*f**5 + 0*f. Calculate h(g).
0
Let r be -2 + 9 + (0 - 2). Let m = -7 + r. Let l(d) = -d**3 - 6*d**2 - d + 5. Let i(n) = -3*n**3 - 17*n**2 - 3*n + 14. Let v(h) = 3*i(h) - 8*l(h). What is v(m)?
0
Let z(k) = -11*k**3 + 8*k**2 - 9*k + 23. Let w(q) = -13*q**3 + 7*q**2 - 8*q + 24. Let d(p) = -5*w(p) + 6*z(p). Give d(12).
-6
Let p(u) = 6*u - 5*u + 2*u + 1 - 4. Give p(4).
9
Let f(q) = 6 - 4*q - 4*q + 3*q + 3*q. Give f(3).
0
Let c(h) be the third derivative of 1/120*h**6 + 1/12*h**4 + 16*h**2 - 1/10*h**5 + 0*h + 0 + 7/6*h**3. Let b be (-66)/(-14) - 2/(-7). Give c(b).
-8
Let u(l) be the third derivative of l**4/24 + l**3/2 - 141*l**2. Calculate u(-5).
-2
Let l(g) = 30*g + 14. Suppose 5*a = 2*a + 9, -d = 3*a - 23. Let v(h) = -21 + 1 + 23 + 6*h. Let n(i) = d*v(i) - 3*l(i). Give n(1).
-6
Suppose -118 = 10*d - 158. Let h(v) = 2*v - 2. Give h(d).
6
Let p(b) = 18*b**2 - 8*b - 22. Let d(g) = -25*g**2 + 13*g + 33. Let x(s) = -5*d(s) - 7*p(s). Determine x(-9).
-11
Let d(x) = -9*x**3 - 3*x**2 + x - 3. Let z(b) = b**3 + b**2 + 1. Let y(g) = d(g) + 3*z(g). Calculate y(1).
-5
Let z(t) = -7*t + 0*t**2 + 5 + 0*t**2 + t**2. Let b = -1860 - -1864. Determine z(b).
-7
Let o be 2*((-35)/(-14) + 0). Let n(u) = u**2 - u - 2. Calculate n(o).
18
Let a(i) be the first derivative of -1/4*i**4 - i**3 - 2*i + 17 + 0*i**2. Suppose -3*j + 5*j = -4. Determine a(j).
-6
Let p(q) be the third derivative of -q**6/120 + q**5/10 + q**4/24 - 4*q**3/3 - 5*q**2. Let l be 44/(-77)*(-21)/2. Calculate p(l).
-2
Suppose 8*s - 8 = 8. Let w(l) = -l**s - 2*l + 2*l - 4*l - 1. Calculate w(-4).
-1
Let q(s) = s**2 - 6*s - 7. Suppose 5*y + 10 = 0, 0 = -3*l + 5*y - 6*y + 82. Let t be -32 + l - (-2 - (6 + 1)). Calculate q(t).
-12
Let j(m) = -m**2 - 6*m + 11. Let h = -15 - -7. Let r be j(h). Let q(y) = 1 + 0*y - y - 3. Determine q(r).
3
Let g(x) = 3*x + 1. Suppose q - 500 = -3*w - w, 0 = w - 2*q - 116. Let b = w - 117. Give g(b).
22
Let c(i) be the second derivative of i**3/6 + 21*i**2/2 + 15*i - 6. What is c(-22)?
-1
Let i(t) = t**2 - 6*t - 1. Let u(w) = 4*w + 8. Let v be u(-3). Let r be v/4 - (-2 - 6). What is i(r)?
6
Let i(u) be the second derivative of u - u**2 + 1/12*u**4 + 0 + 2/3*u**3. Let m(j) = -4*j**2 + 7*j + 144. Let o be m(7). What is i(o)?
-5
Let h(l) = 7*l**3 - 12*l**2 - 4*l - 9. Let x(q) = -5*q**3 + 8*q**2 + 4*q + 7. Let w(a) = 2*h(a) + 3*x(a). What is w(-3)?
18
Let t(b) be the first derivative of b**3/3 - 4*b**2 + 4*b + 78. Give t(5).
-11
Let o(h) = h**3 + 4*h**2 + h + 5. Suppose 64*b + 12 = 61*b. Determine o(b).
1
Let v(d) = -3*d + 4. Let u(p) = 4*p - 3. Let k(n) = 2*u(n) + 3*v(n). Let g be 4/(-14) - 76/28. Let h(j) = j**2 - j - 7. Let w be h(g). Give k(w).
1
Let l(u) = u + 1. Let v(p) = 3*p + 3. Let r(h) = 4*l(h) - v(h). Let x(c) = -4*c + 1. Let t be x(-3). Suppose 0 = 5*d + t + 2. What is r(d)?
-2
Let c(q) be the second derivative of -q + 0 - 1/2*q**2 + 1/6*q**3 - 1/2*q**4. Let l = 28 - 27. Calculate c(l).
-6
Let s(p) be the second derivative of -2*p**3/3 - p**2/2 + 62*p. Calculate s(-1).
3
Let s(r) = r**3 - 8*r**2 - 3*r - 9. Suppose -75*u = -46 - 554. Determine s(u).
-33
Let m(d) = -d**3 + 6*d + 6. Let a(v) = v**2. Suppose -3*o + 1 + 8 = 0. Suppose 5*l = -2*c - 20, o*c + c + 12 = 4*l. Let q(i) = c*a(i) + m(i). Determine q(-6).
6
Let g be (-1 + 2)*168/(-7). Let f = g - -26. Let n(v) = 2*v**2 - 2*v - 2. Calculate n(f).
2
Let u(t) = 2*t + 11. Let y(l) = -l. Let n(k) = -u(k) - y(k). What is n(-5)?
-6
Suppose 228 + 108 = -7*u. Let j be u/20 - 2/(-5). Let o(i) = i**3 + 3*i**2 - 2*i + 1. Determine o(j).
9
Let j(n) = -2*n**3 - 15*n**2 + 19*n + 15. Suppose -u - u + 60 = 0. Let o = 35 - u. Let s(y) = -y**3 - 8*y**2 + 10*y + 8. Let r(f) = o*s(f) - 3*j(f). Give r(-6).
1
Let d(a) be the third derivative of a**8/20160 - a**7/630 - a**6/180 - a**5/5 + 11*a**2. Let s(y) be the third derivative of d(y). Calculate s(5).
-19
Let i(f) = -f + 14. Let u be (0 - 1)*(4 - 4). What is i(u)?
14
Let w(h) = -4*h**2 - 4*h + 4. Let o(q) = -q**2 + 2. Let c(p) = -2*o(p) + w(p). Determine c(-4).
-16
Let q(s) = -31*s - 14. Let g(p) = 6*p + 3. Let k(t) = 11*g(t) + 2*q(t). Let x be k(-2). Let m(z) = -2*z**2 - 2*z. Determine m(x).
-12
Let w(m) be the second derivative of -m**6/360 + m**5/24 - 5*m**4/24 - 5*m**3/6 - 19*m. Let a(u) be the second derivative of w(u). What is a(4)?
-1
Let s(p) be the first derivative of 4*p**2 + 25 - 49*p - 2 + 49*p. Calculate s(1).
8
Let j be -1*-3*(-4)/12. Let c(f) = 7*f**3 + 12. Let l(g) = 5*g**3 + 8. Let w(z) = -5*c(z) + 8*l(z). Let a(o) be the first derivative of w(o). Determine a(j).
15
Let v(s) = -s**2 - 2*s - 6. Let c(x) = 20*x**2 - 9*x - 32. Let b(g) = -c(g) + 5*v(g). Calculate b(1).
-24
Let c(y) be the third derivative of y**6/120 + y**5/60 - y**4/4 - 5*y**3/6 - 348*y**2. What is c(-4)?
-29
Let c(z) = z - 1. Let q be (-1092)/105 + (-2)/(-5). Let y be (-8)/(-20) + 64/q. What is c(y)?
-7
Let s(c) = -c**2 + 5*c - 3. Let z = 718 + -715. Calculate s(z).
3
Suppose -2*g = -2*i + 14, -2*g + i - 12 = -0*g. Let o(n) = n**2 + 3*n + 6. What is o(g)?
16
Let b(v) = -v**2 + v + 9. Let l be b(3). Suppose l*s - 4 = 5*s. Let m(a) = 5*a**2 + 4*a + 3. Give m(s).
15
Let u be 10/(-6)*(-36)/30. Let k(d) = -1 + 3*d**u - d**3 + 16*d - 5*d - 8*d. Let f(g) = -g**3 + 4*g**2 + g - 1. Let p be f(4). Give k(p).
8
Let o(p) = p**2 - p - 12. Let y(c) = -3*c**2 + 2*c + 37. Let q(z) = -8*o(z) - 3*y(z). What is q(-5)?
0
Let s(a) be the first derivative of a**3/3 + 3*a**2 - 8*a - 9. Suppose 35 = -6*y + y. Let v be s(y). Let o(l) = 11*l. What is o(v)?
-11
Let r(m) = -m**3 - 4*m**2 - 2*m - 3. Suppose 2*s - s - 25 = 0. Suppose -7*t + 2*t = -s. Suppose 0 = -12*w + t*w - 28. What is r(w)?
5
Let w(y) = y**2 - y - 4. Let n = 129 + -105. Suppose -3*v - 5*v - n = 0. Calculate w(v).
8
Let j(c) be the first derivative of c**4/4 + 7*c**3/3 - 9*c**2/2 - 8*c - 2. Suppose 54*b + 208 = -224. Determine j(b).
0
Let n(u) = -u + 0*u - u + 3*u + 19. What is n(-13)?
6
Let k(g) be the second derivative of 11*g**3/3 - g**2/2 - 31*g. Calculate k(-2).
-45
Suppose 3 = -2*g - 3*b, -3*g - b - 5 = 10. Let c(z) = -z + 7. What is c(g)?
13
Let d(m) = 3*m + 11. Suppose 4*k = 0, -5*s + 16*k - 11*k - 20 = 0. Determine d(s).
-1
Let n(h) be the first derivative of -29*h**2/2 + 311. Give n(-1).
29
Let p = -111 - -135. Suppose 0 = 10*w - 6*w - p. Let k(y) be the second derivative of -y**5/20 + 5*y**4/12 + 7*y**3/6 - 9*y**2/2 + y. What is k(w)?
-3
Let m(l) = -l**2 + 3*l - 3. Let n = 47 + -11. Let u = n - 32. What is m(u)?
-7
Let z(